 What are the prime factors of g/m*(2 - -1)?
2
Let g = 154 - 150. Suppose -2*i = g*o - 252, -2*o = -3*o - 3. What are the prime factors of i?
2, 3, 11
Suppose -r + 1 = -4, 4*i = 4*r - 12. Let o = 3 + i. What are the prime factors of ((-56)/o)/(2/(-10))?
2, 7
Let f = -19 - -127. Let g = 224 - f. What are the prime factors of g?
2, 29
Suppose -3*h - 4*w = -5807 - 2894, -2*h + 5794 = w. What are the prime factors of h?
3, 5, 193
Suppose 5*y + 5*d - 15 = 10, 2*y - 3*d = 25. Suppose 5*l = l + y. List the prime factors of (l + -1 + 4)*7.
5, 7
Suppose -5*d - 5*x + 1418 - 183 = 0, 2*x = -3*d + 739. List the prime factors of d.
5, 7
Suppose -4*j = -6*j - 4*o + 24, -3*j + 2*o = -76. Suppose -4*g - j = -430. What are the prime factors of g?
2, 3, 17
Let g be 44/(-3) + (-3)/9. What are the prime factors of 79/3 + -3 + (-55)/g?
3
Suppose -15*h + 11*h + 8 = 0. Suppose h*g + 5*y = -23, -2*g - 2*y - 8 = 6. What are the prime factors of ((-30)/g)/((-3)/(-18))?
3, 5
Let r = -69 - -75. Suppose p + r*v - 167 = 4*v, -p = v - 166. List the prime factors of p.
3, 5, 11
Let l(z) = 151*z**2 + 13*z + 19. List the prime factors of l(-2).
3, 199
Let u = 515 - 231. Suppose 5*o = o + u. List the prime factors of o.
71
Suppose 1134 = 6*l - 6. What are the prime factors of l?
2, 5, 19
Suppose -4*b - 18 = -6*b. Suppose -3*z - b = -15. Suppose 2*r = -z*u + 36 + 6, -33 = -r - 5*u. List the prime factors of r.
2, 3
Suppose -s + 4*k + 684 = 0, 5*k = -s + 147 + 519. What are the prime factors of s?
2, 13
Suppose 0 = -34*i + 30*i + 624. Let v = i + -56. What are the prime factors of v?
2, 5
Let v = 131 - 131. Suppose v = 12*s - 46 - 170. What are the prime factors of s?
2, 3
List the prime factors of -5*(18604/(-20) - 10).
3, 1567
Let d(n) = 69 + 11*n - 56 - 36*n. What are the prime factors of d(-4)?
113
Suppose -7*m + 6*m + 6459 = 4*r, -4*r + 6484 = -4*m. List the prime factors of r.
2, 101
Let y = -22 - -10. What are the prime factors of 57 - (16/(-6))/((-8)/y)?
61
Let c(v) = -v + 2. Let w be c(-2). Suppose 0 = 5*b - 3*y - 37, 3*b - w*y = b + 12. Let m = b - -25. What are the prime factors of m?
3, 11
Let l(g) = -2*g**3 - 3*g**2 - 2*g - 3. Let w be l(-2). Suppose 43 + 232 = w*r. Let o = -32 + r. List the prime factors of o.
23
Suppose q - 2*h = 8, -5*q + 2*q - 12 = 3*h. Suppose 4*a - 5*p - 10 = 0, q = -5*a - 2*p - p + 31. Suppose a*y - 93 = 2*y. What are the prime factors of y?
31
Let a(v) = -v**3 - v**2 + v - 20. Let j be a(0). List the prime factors of j/(-16)*-14*-6.
3, 5, 7
Let m = -116 + 58. Let a = m + 188. List the prime factors of a.
2, 5, 13
Let o(i) be the second derivative of i**3/6 - 2*i**2 - i. Let j be o(0). Let g(d) = d**2 - 4*d - 1. What are the prime factors of g(j)?
31
List the prime factors of (1 + 3/(-6))/(6/11796).
983
Let l = -12 - -20. Suppose l*v + 16 = -2*a + 3*v, -3*v = 12. Suppose a*h - 8 = 2*g, -g + 28 + 10 = 5*h. What are the prime factors of h?
7
Suppose 10 = 5*b, -11*b + 1814 = 4*s - 16*b. List the prime factors of s.
2, 3, 19
Let v(z) = 6*z + 28 - 2*z - 3*z. What are the prime factors of v(0)?
2, 7
Let h be ((-4)/(-10))/(18/45). Let d be (h/2)/((-6)/(-60)). Suppose d*f - 124 = s, 20 = f + 2*s - s. What are the prime factors of f?
2, 3
Let c(n) = -3*n. Let y be c(-4). Let w(s) = -s**3 - 17*s**2 + 21*s + 56. Let h be w(-18). Let f = y + h. List the prime factors of f.
2, 7
Let j(m) be the first derivative of -m**4/4 + 11*m**3/3 + 25*m**2/2 - 25*m + 55. What are the prime factors of j(12)?
131
Let c = 47 - 56. What are the prime factors of 4/(-18) + (-227)/c?
5
Let a(t) = t**3 + 15*t**2 + 9*t - 18. Let r be a(-14). Let y = 115 - r. What are the prime factors of y?
3, 7
Let c = 108 + 1586. List the prime factors of c.
2, 7, 11
Let m = -167 - -567. Suppose 5*h - 31 = -x - x, 29 = 4*x - h. Suppose x*t + 96 = m. What are the prime factors of t?
2, 19
Let b(z) = -z**3 + z**2 - 2*z + 2. Let p(q) = -q**3 + 8*q**2 - 6*q - 10. Let n be p(7). Let a be b(n). Suppose 4*d - 120 = -a. What are the prime factors of d?
19
What are the prime factors of 7548*(84/18 + -4)?
2, 17, 37
Let u = 1 + 4. Let j = 7 - u. Suppose 0 = 3*k - 5*b + 2*b - 15, 5 = -j*k - 3*b. What are the prime factors of k?
2
List the prime factors of 9/4*(3 + 345/5).
2, 3
Let j(w) = w**3 + 5*w**2 + 2*w + 2. Suppose -5*l = -4*i + 12, -i = 4*l - 3 - 0. Suppose -n = -2*g - 1 - 8, 3*g + 15 = i*n. What are the prime factors of j(g)?
2, 5
Let l(n) be the first derivative of -n**5/40 + n**4/6 + n**3 + 3. Let c(m) be the third derivative of l(m). What are the prime factors of c(-3)?
13
Suppose -10*s = s - 8778. What are the prime factors of s?
2, 3, 7, 19
Suppose -u = 6 - 9. Suppose -4*a + 2*a - u*q + 136 = 0, -308 = -4*a + 3*q. List the prime factors of a.
2, 37
Suppose 2*o - h = 138, -h - 79 = -o + 2*h. Suppose o*a = 66*a + 149. What are the prime factors of a?
149
Let v = 1355 - -238. List the prime factors of v.
3, 59
What are the prime factors of (11 - 12)/(4/(-464))?
2, 29
Let f(x) = x + 6. Let c be f(-4). What are the prime factors of (12/(-30))/(1/(c - 177))?
2, 5, 7
Let m(j) be the third derivative of 1/24*j**4 + 0 - 2*j**2 + 0*j - 3/2*j**3. List the prime factors of m(11).
2
Let g(k) = 2*k**3 - 21*k**2 + 9*k + 7. What are the prime factors of g(11)?
227
Let i be (2 - -7) + (2 - -1). Let s be (-1 + 29)*i/48. What are the prime factors of (-3 + s + -3)*36?
2, 3
Suppose -386 = -9*f + 442. What are the prime factors of f?
2, 23
Suppose -88 = -13*d - 10. Suppose 0 = -u - 0 + 5. Let k = d + u. What are the prime factors of k?
11
Let u(g) = 0 + 89*g - 1 + 12*g**2 - 91*g. What are the prime factors of u(-1)?
13
Let v = 31 - 27. Suppose -v*p = i - 18, -5*i + p + 66 = -3. Suppose -93 = 11*u - i*u. What are the prime factors of u?
31
Suppose -57*v = -52*v - 315. Suppose 3*q - v - 396 = 0. What are the prime factors of q?
3, 17
Let z = 629 + -362. Suppose z = 5*k - 4*q, 45 = -2*k + 3*k + 2*q. What are the prime factors of 1/(0 - (-3)/k)?
17
Let k = 561 + 383. What are the prime factors of k?
2, 59
Suppose -3*c - 10 = -5*z - 101, 4*c - 98 = 2*z. Suppose -3*i + c = 16. List the prime factors of i.
2
Let w be -59 + 5 - -1*2. Let z be (-4)/26 - 2348/w. Let j = -22 + z. What are the prime factors of j?
23
Let f(s) be the third derivative of s**5/30 - 23*s**4/24 + 11*s**3/3 - 15*s**2. What are the prime factors of f(15)?
127
Suppose 0 = -3*b - b + y - 34, -26 = 4*b + 3*y. What are the prime factors of (b/4 - -8)*11?
2, 3, 11
Suppose 0 = -7*r - r + 32. Let h(n) = 2*n**2 - 6*n + 14. Let l be h(r). List the prime factors of (6 + -18)*l/(-6).
2, 11
Suppose 6 = 2*z + 8. What are the prime factors of ((-1656)/(-9))/(1 + z + 1)?
2, 23
List the prime factors of 697220/213 + 4/(-3).
2, 409
Let g be (1 + 0)/((-20)/(-100)). Suppose -96 = -g*i + 49. List the prime factors of i.
29
Suppose 21*m - 549 - 26562 = 0. List the prime factors of m.
1291
Let c(u) = u**3 + 4*u**2 - 46*u - 7. List the prime factors of c(9).
2, 79
Suppose 5*x = 19*x - 1540. What are the prime factors of x?
2, 5, 11
Let j be (-28)/(-42) + (-104)/(-6). Suppose 0 = -x - x + j. List the prime factors of x.
3
Let n be (8/(-10))/(18/(-135)). Suppose 4*a - n*a = -38. List the prime factors of a.
19
Let t(q) = -q**2 + 12*q - 8. Let s be t(11). Suppose -3*r = -f + 5*f + s, 0 = -3*f - 3*r - 6. Suppose 0 = -f*v - 27 + 177. List the prime factors of v.
2, 5
Suppose 5 = -6*a + 7*a. Suppose -v = a*v - 108. List the prime factors of v.
2, 3
Suppose 3*q = -83*q + 109134. List the prime factors of q.
3, 47
Let a = -8 - 31. Let u = a + 41. What are the prime factors of u?
2
Let d = 7 + -1. Suppose -275 = -d*o + 223. List the prime factors of o.
83
Suppose 1976 + 5299 = 5*r + 5*h, -4*r = 5*h - 5819. List the prime factors of r.
2, 7, 13
Let j(x) be the third derivative of 7*x**4/24 - x**3/2 + 8*x**2. What are the prime factors of j(2)?
11
Let s be (-2)/(-7) - (-235)/35. Suppose 4*g - s*g - 210 = 0. Let n = -28 - g. List the prime factors of n.
2, 3, 7
Suppose 0 = -8*x + 13*x - 860. Suppose -9*i + x = -5*i. List the prime factors of i.
43
Let w = 43 + -16. Suppose -16 = -2*c - 2*i, 0 = 3*c + 2*i + 5 - w. Suppose -c = 3*s, 2*s + 17 = j + s. What are the prime factors of j?
3, 5
Let i = 85 + -51. Let c = 29 - i. What are the prime factors of (22 - c)*(-4)/(-6)?
2, 3
Suppo